ltiple of 26?
False
Is 7 a factor of -5 - (1 - -1 - 84)?
True
Suppose 5*z = -d + 127, -17 + 176 = d - 3*z. Is 70 a factor of d?
False
Suppose 2*i - j - 460 = 0, -j = 2*i - 153 - 307. Is i a multiple of 10?
True
Let t(f) = -f**3 + 4*f**2 + 4*f + 7. Let u be t(5). Suppose -4*y + 3*a + 93 = 0, -2*y - u*a + 4*a = -46. Is y a multiple of 13?
False
Let w(u) = -u - 1. Suppose -2*r = 4*j - 5*j + 3, -28 = 4*j + 2*r. Let s be w(j). Suppose -3*k = 5*f - 35, -3*k = -s*f + f - 3. Is 5 a factor of k?
True
Let d = 16 - 15. Let n(r) = 10*r + 2. Does 4 divide n(d)?
True
Let v(q) = -2*q - 12. Let k be v(-12). Suppose 0 = -7*h + 2*h - 5*i + 120, 0 = 4*h - 3*i - 75. Let w = h - k. Is 3 a factor of w?
True
Suppose 4*y + t = -81, -4*y - 87 = -4*t + 3*t. Let z = -25 - y. Let b(c) = -19*c + 2. Is b(z) a multiple of 26?
True
Let t(a) = a - 3*a - 4 - 10*a - 2. Let i be t(-3). Let j = i - 21. Does 5 divide j?
False
Let n be 39/9 - 4/12. Suppose n*s - 165 - 27 = 0. Suppose -5*u + 133 = -r, -37 = -3*u - 2*r + s. Is 9 a factor of u?
True
Let r be ((-15)/20)/(3/(-12)). Let n(s) = 1 + 3 - 5 + 9*s**2 + 4 - r*s. Does 8 divide n(2)?
False
Suppose -v + 2*z + 285 = 0, -3*v + 4*z + 311 = -544. Is 6 a factor of v?
False
Let x(n) = 36*n - 15. Let b be x(6). Let g be (-8)/(-12) + b/9. Let m = g - -4. Is 9 a factor of m?
True
Suppose 187 + 11 = -3*b. Let c = -12 - b. Is c a multiple of 9?
True
Suppose 0 = p + 6*p - 14. Suppose p*h = -h + 543. Suppose -2*f - 2*i + 172 = 0, 0*f - h = -2*f + i. Does 14 divide f?
False
Suppose 0 = a - 3*l, -4*l + 2*l = -3*a - 21. Let z be -1 + a - (5 + -8). Let g(w) = -w**2 - 10*w - 4. Is 17 a factor of g(z)?
True
Let h(f) = 2*f**3 - 53*f**2 - 22*f + 21. Is 6 a factor of h(27)?
True
Let u = -120 + 221. Suppose 1521 = 5*w + u. Suppose -c = 2*y - 6*y + w, -c = -4. Does 18 divide y?
True
Let j = -10 + 10. Suppose 8*r - 3*r + 90 = j. Let k = r + 45. Is 9 a factor of k?
True
Let n(b) = -40*b + 59. Let x be n(5). Let v = -114 - x. Is v a multiple of 20?
False
Let j = -76 - -109. Let s = j - -14. Does 19 divide s?
False
Let y(g) be the third derivative of g**5/60 + 79*g**3/6 + 7*g**2. Is y(0) a multiple of 13?
False
Let g(n) = n + 11. Let t be g(-8). Suppose -3*u - t*i + 45 = -2*u, -5*u = -2*i - 276. Is u a multiple of 14?
False
Is 8 a factor of -3*(5 - 58 - 10)?
False
Let v(c) = 112*c - 202. Is 18 a factor of v(10)?
True
Let x be ((-2)/2 + 0)*-1. Let y = 5 - x. Does 8 divide 1/(y/(4*26))?
False
Let d be (61 + 2)/(-3)*3/(-1). Does 45 divide (-3 - d/(-6))/(2/12)?
True
Suppose -5*u = -5*o - 315, 4*u + 224 = -3*o - 0*o. Let f = 37 - o. Is 21 a factor of f?
True
Let d(h) = -h**2 + 50*h + 85. Is d(23) a multiple of 38?
False
Let y(k) = 11*k - 3. Let s(i) = i**3 - 4*i**2 - 4*i. Let m be s(5). Suppose m*l = -10 + 35. Does 13 divide y(l)?
True
Suppose 4*p - 88 = -0*p. Suppose -230 + p = -f. Suppose 5*v - f = v. Is v a multiple of 13?
True
Suppose 5*d - 92 + 87 = 0. Is 15 a factor of d*-1 + (0 - -85) + 6?
True
Let r(k) = 3*k**2 - 16*k + 24. Is 11 a factor of r(8)?
True
Let w = 6 + -2. Suppose -10*n - 36 = -w*n. Is 16 a factor of n/4 + 140/8?
True
Let u(p) = -175*p - 875. Is u(-16) a multiple of 25?
True
Let w be 4/((-2168)/(-1082) + -2). Suppose 0 = 3*v + 2*v + x - w, -4*v = -2*x - 874. Let o = v + -112. Does 26 divide o?
False
Suppose 0 = 2*l - 6. Suppose 0 = l*c - 40 - 8. Is 3 a factor of c?
False
Let k = 667 - 233. Does 14 divide k?
True
Let f(p) be the second derivative of -43*p**3/6 - 3*p**2 - 32*p. Is 23 a factor of f(-2)?
False
Suppose 5*u - 20 = -5*k, 2*k + 2*k = 5*u - 20. Suppose -u*w + 3*m + 36 = 0, 3*w + 5*m - 17 = 10. Is w a multiple of 8?
False
Let a be (-1 + 2 - 110)/(-1). Suppose 4*n = 99 + a. Suppose 0 = -2*u + 172 + n. Is 23 a factor of u?
False
Let a(d) = d**3 + 6*d**2 + 5*d + 1. Suppose 4*f + 14 + 6 = 0. Let v be a(f). Let i = 29 - v. Is 13 a factor of i?
False
Suppose 3*p = -4*g + g + 840, -4*p + 1115 = 5*g. Is 15 a factor of p?
True
Let s(q) = 2*q**2 - 16*q + 29. Is 29 a factor of s(-15)?
False
Suppose -2911 = -4*v - 3*n, 6*v + 4*n = v + 3639. Is v a multiple of 14?
False
Let c = -4 + 7. Suppose -9*r = 217 - 1333. Suppose -5*g + 3*g + r = -3*w, 0 = c*w + 6. Does 14 divide g?
False
Let a(c) = 24*c + 61. Is 21 a factor of a(9)?
False
Let l = 50 + -11. Suppose 6*w - l = 3*w. Let k = -1 + w. Does 6 divide k?
True
Let n = 1661 - 838. Is 12 a factor of n?
False
Let j(w) = -w - 5. Let n be j(-3). Let y = n + 16. Suppose -x + y = -34. Does 16 divide x?
True
Let s(c) = -c + 234 - 17 - 69 - 76. Let y = 0 + 0. Is 24 a factor of s(y)?
True
Let w = -1620 - -2292. Does 8 divide w?
True
Let l be (2/(-4))/((-1)/28). Let b be 4/16 - (-1)/(-4). Suppose b = -k - 0 + l. Is k a multiple of 7?
True
Let z = 1951 - 1179. Is 34 a factor of z?
False
Is (18/5)/((-48)/(-3240)) a multiple of 3?
True
Let y be (-9)/3 - (-2 - 1). Suppose -5*i - 210 + 55 = y. Let b = i - -51. Does 10 divide b?
True
Let h be ((-192)/10)/((-10)/75). Suppose 2*s = -3*n - 3 + 4, -2*s + 13 = -n. Suppose -h = g - s*g. Is g a multiple of 12?
True
Let p(i) = -54*i + 128. Is 8 a factor of p(0)?
True
Suppose 4*d + 1 = 13. Suppose -d*s + 9 = 5*g - 3*g, 4*s = -20. Let j = -4 + g. Is 7 a factor of j?
False
Let x(s) = 9*s**2 + 9*s + 51. Is x(-14) a multiple of 61?
False
Let y(v) = -v**3 - 41*v**2 - 87*v. Does 14 divide y(-39)?
False
Let c = 473 - 395. Is c a multiple of 6?
True
Let x be (0 + 4 + -2)/(4/6). Is 25 a factor of ((3/x)/1)/((-4)/(-496))?
False
Suppose -9*f + 11*f = 200. Suppose 0 = -10*n + 8*n + f. Is n a multiple of 11?
False
Does 42 divide -3*((-223)/2 - 2/4)?
True
Let z(k) = 3*k**3 + 17*k**2 - 10*k - 21. Let c(d) = -10*d**3 - 52*d**2 + 29*d + 62. Let r(p) = 2*c(p) + 7*z(p). Is 27 a factor of r(-15)?
False
Suppose -j + 4*i = 16, i = 4*j + 3*i - 26. Let k be j + (0 - (4 - 4)). Suppose k*v - 3*v = 58. Is v a multiple of 29?
True
Suppose 3*i + 162 = -0*i. Suppose 413 + 411 = -8*y. Let b = i - y. Is 11 a factor of b?
False
Is 28 a factor of 45465/28 - 13/(-52)?
True
Let i be (-2)/6 - 1194/(-18). Suppose -4*v - 91 = -9*v + 3*b, -3*v = 2*b - i. Is v a multiple of 4?
True
Suppose -18 = u - 5*o, u + o - 3*o + 12 = 0. Let n = 8 + u. Suppose j - 6 = -n. Is j a multiple of 3?
True
Let c(k) = 7*k**3 + 17*k**2 + 17*k - 3. Let z(g) = 4*g**3 + 9*g**2 + 9*g - 1. Let w(f) = -3*c(f) + 5*z(f). Is w(-5) a multiple of 2?
False
Let v(m) = -m**2 - 6*m + 8. Let y be v(-7). Let p(g) = -g**3 + 2*g**2 - g. Let w be p(y). Suppose -2*x - 2*x + 68 = w. Is x a multiple of 10?
False
Let s(d) = -d + 48. Is 3 a factor of s(12)?
True
Suppose l + 5*c = -17, -4*c - 20 = 2*l - 4. Let n(w) = -8*w - 2. Let b be n(l). Suppose 2*q = 3*q - b. Is q a multiple of 3?
False
Let j be ((-256)/(-2))/4 - -2. Suppose 7*k + j = 8*k. Does 6 divide k?
False
Let r(f) = f + 63. Let b be r(-30). Suppose -8*t = -b - 79. Is t a multiple of 4?
False
Let m(d) = -d**3 + 11*d**2 + 33*d + 24. Is 2 a factor of m(13)?
False
Let s(b) = -b**3 - 12*b**2 + 12*b - 9. Let d be s(-13). Suppose 1940 - 500 = d*l. Suppose -2*g + l = 3*g. Does 24 divide g?
True
Let s be 5/((-10)/8) + 12/6. Does 22 divide s/(-4) + 0 + 175/2?
True
Let m(a) = 89*a**3 + 22*a - 80. Does 62 divide m(4)?
True
Let p(d) = -2*d + 8. Let t be p(8). Let k = 11 + t. Suppose 5*c = -i + 2*i + 49, -12 = k*i. Is c a multiple of 9?
True
Let l(s) = -2*s**2 + 8*s + 5. Let c(y) = -8*y - 1. Let o be c(-1). Let j be l(o). Let f = 54 + j. Is 11 a factor of f?
False
Let x(r) = -r**2 - r - 1. Let v be x(-4). Let b be (1 - v)*2/4. Is (-5 - -12)*60/b a multiple of 20?
True
Is ((-3)/(-2))/(27/5976) a multiple of 6?
False
Let x be (-1 + 4/16)*-16. Let p be (-2)/12 + (-142)/x. Let y = p - -16. Is y a multiple of 2?
True
Suppose -862*f - 152 = -870*f. Is 4 a factor of f?
False
Let v(s) = 7*s**2 + 25*s - 108. Is 60 a factor of v(12)?
True
Suppose l = -5*u + 12, 5 - 1 = 5*u - 3*l. Suppose -2*r = 5*m - 71, 4*m - 61 = -u*r + m. Does 23 divide r?
True
Suppose 5*w + 6*j - 13 = 3*j, -3*w = -4*j - 31. Suppose -w*r + 1282 = -698. Suppose 7*p - r = p. Is 39 a factor of p?
False
Suppose -13 = -o + 2*o + 5*j, -o - 25 = j. Is 5 a factor of (o/(-16))/(-3*2/(-120))?
True
Let z(p) = -p**2 - 20*p - 8. Let f be z(-20). Let r be -3 + 12/f*-2. Suppose -2*s - c = -59 - 14, -5*c - 5 = r. Is 10 a factor of s?
False
Let t = -12 - -30. Let p = 